{"id":1468,"date":"2022-01-05T12:43:51","date_gmt":"2022-01-05T10:43:51","guid":{"rendered":"https:\/\/www.aquacalculator.com\/wordpress\/?page_id=1468"},"modified":"2023-08-06T12:08:48","modified_gmt":"2023-08-06T10:08:48","slug":"por_fr","status":"publish","type":"page","link":"https:\/\/www.aquacalculator.com\/wordpress\/por_fr\/","title":{"rendered":"Portal (FR)"},"content":{"rendered":"\t\t<div data-elementor-type=\"wp-page\" data-elementor-id=\"1468\" class=\"elementor elementor-1468\" data-elementor-post-type=\"page\">\n\t\t\t\t<div class=\"elementor-element elementor-element-675a33af e-flex e-con-boxed e-con e-parent\" data-id=\"675a33af\" data-element_type=\"container\" data-e-type=\"container\" data-settings=\"{&quot;background_background&quot;:&quot;classic&quot;}\">\n\t\t\t\t\t<div class=\"e-con-inner\">\n\t\t\t\t<div class=\"elementor-element elementor-element-7d1f73f7 elementor-nav-menu--dropdown-tablet elementor-nav-menu__text-align-aside elementor-nav-menu--toggle elementor-nav-menu--burger elementor-widget elementor-widget-nav-menu\" data-id=\"7d1f73f7\" data-element_type=\"widget\" data-e-type=\"widget\" data-settings=\"{&quot;layout&quot;:&quot;horizontal&quot;,&quot;submenu_icon&quot;:{&quot;value&quot;:&quot;&lt;svg aria-hidden=\\&quot;true\\&quot; class=\\&quot;e-font-icon-svg e-fas-caret-down\\&quot; viewBox=\\&quot;0 0 320 512\\&quot; xmlns=\\&quot;http:\\\/\\\/www.w3.org\\\/2000\\\/svg\\&quot;&gt;&lt;path d=\\&quot;M31.3 192h257.3c17.8 0 26.7 21.5 14.1 34.1L174.1 354.8c-7.8 7.8-20.5 7.8-28.3 0L17.2 226.1C4.6 213.5 13.5 192 31.3 192z\\&quot;&gt;&lt;\\\/path&gt;&lt;\\\/svg&gt;&quot;,&quot;library&quot;:&quot;fa-solid&quot;},&quot;toggle&quot;:&quot;burger&quot;}\" data-widget_type=\"nav-menu.default\">\n\t\t\t\t\t\t\t\t<nav aria-label=\"Men\u00fc\" class=\"elementor-nav-menu--main elementor-nav-menu__container elementor-nav-menu--layout-horizontal e--pointer-underline e--animation-fade\">\n\t\t\t\t<ul id=\"menu-1-7d1f73f7\" class=\"elementor-nav-menu\"><li class=\"menu-item menu-item-type-post_type menu-item-object-page menu-item-3418\"><a href=\"https:\/\/www.aquacalculator.com\/wordpress\/language\/fr\/\" class=\"elementor-item menu-link\">D&#8217;accueil<\/a><\/li>\n<li class=\"menu-item menu-item-type-post_type menu-item-object-page menu-item-has-children menu-item-3351\"><a href=\"https:\/\/www.aquacalculator.com\/wordpress\/allapps_fr\/\" class=\"elementor-item menu-link\">choisissez une variante&#8230;<span role=\"application\" class=\"dropdown-menu-toggle ast-header-navigation-arrow\" tabindex=\"0\" aria-expanded=\"false\" aria-label=\"Men\u00fc umschalten\" ><\/span><\/a>\n<ul class=\"sub-menu elementor-nav-menu--dropdown\">\n\t<li class=\"menu-item menu-item-type-post_type menu-item-object-page menu-item-3355\"><a href=\"https:\/\/www.aquacalculator.com\/wordpress\/win_fr\/\" class=\"elementor-sub-item menu-link\">Windows<\/a><\/li>\n\t<li class=\"menu-item menu-item-type-post_type menu-item-object-page menu-item-3366\"><a href=\"https:\/\/www.aquacalculator.com\/wordpress\/app_fr\/\" class=\"elementor-sub-item menu-link\">Apple<\/a><\/li>\n\t<li class=\"menu-item menu-item-type-post_type menu-item-object-page menu-item-3353\"><a href=\"https:\/\/www.aquacalculator.com\/wordpress\/and_fr\/\" class=\"elementor-sub-item menu-link\">Android<\/a><\/li>\n<\/ul>\n<\/li>\n<li class=\"menu-item menu-item-type-post_type menu-item-object-page menu-item-3352\"><a href=\"https:\/\/www.aquacalculator.com\/wordpress\/faq_fr\/\" class=\"elementor-item menu-link\">FAQs et recueils<\/a><\/li>\n<li class=\"menu-item menu-item-type-post_type menu-item-object-page menu-item-3354\"><a href=\"https:\/\/www.aquacalculator.com\/wordpress\/por_fr\/\" class=\"elementor-item menu-link\">Portal<\/a><\/li>\n<li class=\"menu-item menu-item-type-custom menu-item-object-custom menu-item-3367\"><a href=\"#pll_switcher\" class=\"elementor-item elementor-item-anchor menu-link\">Sprachen<\/a><\/li>\n<\/ul>\t\t\t<\/nav>\n\t\t\t\t\t<div class=\"elementor-menu-toggle\" role=\"button\" tabindex=\"0\" aria-label=\"Men\u00fc Umschalter\" aria-expanded=\"false\">\n\t\t\t<svg aria-hidden=\"true\" role=\"presentation\" class=\"elementor-menu-toggle__icon--open e-font-icon-svg e-eicon-menu-bar\" viewBox=\"0 0 1000 1000\" xmlns=\"http:\/\/www.w3.org\/2000\/svg\"><path d=\"M104 333H896C929 333 958 304 958 271S929 208 896 208H104C71 208 42 237 42 271S71 333 104 333ZM104 583H896C929 583 958 554 958 521S929 458 896 458H104C71 458 42 487 42 521S71 583 104 583ZM104 833H896C929 833 958 804 958 771S929 708 896 708H104C71 708 42 737 42 771S71 833 104 833Z\"><\/path><\/svg><svg aria-hidden=\"true\" role=\"presentation\" class=\"elementor-menu-toggle__icon--close e-font-icon-svg e-eicon-close\" viewBox=\"0 0 1000 1000\" xmlns=\"http:\/\/www.w3.org\/2000\/svg\"><path d=\"M742 167L500 408 258 167C246 154 233 150 217 150 196 150 179 158 167 167 154 179 150 196 150 212 150 229 154 242 171 254L408 500 167 742C138 771 138 800 167 829 196 858 225 858 254 829L496 587 738 829C750 842 767 846 783 846 800 846 817 842 829 829 842 817 846 804 846 783 846 767 842 750 829 737L588 500 833 258C863 229 863 200 833 171 804 137 775 137 742 167Z\"><\/path><\/svg>\t\t<\/div>\n\t\t\t\t\t<nav class=\"elementor-nav-menu--dropdown elementor-nav-menu__container\" aria-hidden=\"true\">\n\t\t\t\t<ul id=\"menu-2-7d1f73f7\" class=\"elementor-nav-menu\"><li class=\"menu-item menu-item-type-post_type menu-item-object-page menu-item-3418\"><a href=\"https:\/\/www.aquacalculator.com\/wordpress\/language\/fr\/\" class=\"elementor-item menu-link\" tabindex=\"-1\">D&#8217;accueil<\/a><\/li>\n<li class=\"menu-item menu-item-type-post_type menu-item-object-page menu-item-has-children menu-item-3351\"><a href=\"https:\/\/www.aquacalculator.com\/wordpress\/allapps_fr\/\" class=\"elementor-item menu-link\" tabindex=\"-1\">choisissez une variante&#8230;<span role=\"application\" class=\"dropdown-menu-toggle ast-header-navigation-arrow\" tabindex=\"0\" aria-expanded=\"false\" aria-label=\"Men\u00fc umschalten\" ><\/span><\/a>\n<ul class=\"sub-menu elementor-nav-menu--dropdown\">\n\t<li class=\"menu-item menu-item-type-post_type menu-item-object-page menu-item-3355\"><a href=\"https:\/\/www.aquacalculator.com\/wordpress\/win_fr\/\" class=\"elementor-sub-item menu-link\" tabindex=\"-1\">Windows<\/a><\/li>\n\t<li class=\"menu-item menu-item-type-post_type menu-item-object-page menu-item-3366\"><a href=\"https:\/\/www.aquacalculator.com\/wordpress\/app_fr\/\" class=\"elementor-sub-item menu-link\" tabindex=\"-1\">Apple<\/a><\/li>\n\t<li class=\"menu-item menu-item-type-post_type menu-item-object-page menu-item-3353\"><a href=\"https:\/\/www.aquacalculator.com\/wordpress\/and_fr\/\" class=\"elementor-sub-item menu-link\" tabindex=\"-1\">Android<\/a><\/li>\n<\/ul>\n<\/li>\n<li class=\"menu-item menu-item-type-post_type menu-item-object-page menu-item-3352\"><a href=\"https:\/\/www.aquacalculator.com\/wordpress\/faq_fr\/\" class=\"elementor-item menu-link\" tabindex=\"-1\">FAQs et recueils<\/a><\/li>\n<li class=\"menu-item menu-item-type-post_type menu-item-object-page menu-item-3354\"><a href=\"https:\/\/www.aquacalculator.com\/wordpress\/por_fr\/\" class=\"elementor-item menu-link\" tabindex=\"-1\">Portal<\/a><\/li>\n<li class=\"menu-item menu-item-type-custom menu-item-object-custom menu-item-3367\"><a href=\"#pll_switcher\" class=\"elementor-item elementor-item-anchor menu-link\" tabindex=\"-1\">Sprachen<\/a><\/li>\n<\/ul>\t\t\t<\/nav>\n\t\t\t\t\t\t<\/div>\n\t\t\t\t\t<\/div>\n\t\t\t\t<\/div>\n\t\t<div class=\"elementor-element elementor-element-a7daae4 e-flex e-con-boxed e-con e-parent\" data-id=\"a7daae4\" data-element_type=\"container\" data-e-type=\"container\">\n\t\t\t\t\t<div class=\"e-con-inner\">\n\t\t<div class=\"elementor-element elementor-element-abebfdd e-con-full e-flex e-con e-parent\" data-id=\"abebfdd\" data-element_type=\"container\" data-e-type=\"container\">\n\t\t\t\t<div class=\"elementor-element elementor-element-0243f61 elementor-widget elementor-widget-heading\" data-id=\"0243f61\" data-element_type=\"widget\" data-e-type=\"widget\" data-widget_type=\"heading.default\">\n\t\t\t\t\t<h2 class=\"elementor-heading-title elementor-size-default\">Visitez notre portail de l'eau de mer<\/h2>\t\t\t\t<\/div>\n\t\t\t\t<div class=\"elementor-element elementor-element-33727d3 elementor-widget elementor-widget-image\" data-id=\"33727d3\" data-element_type=\"widget\" data-e-type=\"widget\" data-widget_type=\"image.default\">\n\t\t\t\t\t\t\t\t\t\t\t\t\t\t\t<img fetchpriority=\"high\" decoding=\"async\" width=\"1024\" height=\"300\" src=\"https:\/\/www.aquacalculator.com\/wordpress\/wp-content\/uploads\/2023\/08\/SaltwaterAquarium_Icons_1024x300.jpg\" class=\"attachment-large size-large wp-image-2767\" alt=\"\" srcset=\"https:\/\/www.aquacalculator.com\/wordpress\/wp-content\/uploads\/2023\/08\/SaltwaterAquarium_Icons_1024x300.jpg 1024w, https:\/\/www.aquacalculator.com\/wordpress\/wp-content\/uploads\/2023\/08\/SaltwaterAquarium_Icons_1024x300-300x88.jpg 300w, https:\/\/www.aquacalculator.com\/wordpress\/wp-content\/uploads\/2023\/08\/SaltwaterAquarium_Icons_1024x300-768x225.jpg 768w\" sizes=\"(max-width: 1024px) 100vw, 1024px\" \/>\t\t\t\t\t\t\t\t\t\t\t\t\t\t\t<\/div>\n\t\t\t\t<div class=\"elementor-element elementor-element-5f8432d elementor-align-center elementor-widget elementor-widget-button\" data-id=\"5f8432d\" data-element_type=\"widget\" data-e-type=\"widget\" data-widget_type=\"button.default\">\n\t\t\t\t\t\t\t\t\t\t<a class=\"elementor-button elementor-button-link elementor-size-sm\" href=\"https:\/\/acalc.de\">\n\t\t\t\t\t\t<span class=\"elementor-button-content-wrapper\">\n\t\t\t\t\t\t\t\t\t<span class=\"elementor-button-text\">Cliquez ici<\/span>\n\t\t\t\t\t<\/span>\n\t\t\t\t\t<\/a>\n\t\t\t\t\t\t\t\t<\/div>\n\t\t\t\t<div class=\"elementor-element elementor-element-16d69ba elementor-widget elementor-widget-text-editor\" data-id=\"16d69ba\" data-element_type=\"widget\" data-e-type=\"widget\" data-widget_type=\"text-editor.default\">\n\t\t\t\t\t\t\t\t\t<p>En savoir plus sur les fonctionnalit\u00e9s des diff\u00e9rentes versions des applications AquaCalculator<br \/>ainsi que les donn\u00e9es des produits\/recettes d\u00e9j\u00e0 int\u00e9gr\u00e9s,<\/p>\n<p>&#8230;.ou utilisez la plateforme de m\u00e9dias sociaux connect\u00e9s aCloud d&#8217;AquaCalculator<\/p>\t\t\t\t\t\t\t\t<\/div>\n\t\t\t\t<\/div>\n\t\t\t\t\t<\/div>\n\t\t\t\t<\/div>\n\t\t\t\t<section class=\"elementor-section elementor-top-section elementor-element elementor-element-58ac13f9 elementor-section-boxed elementor-section-height-default elementor-section-height-default\" data-id=\"58ac13f9\" data-element_type=\"section\" data-e-type=\"section\">\n\t\t\t\t\t\t<div class=\"elementor-container elementor-column-gap-default\">\n\t\t\t\t\t<div class=\"elementor-column elementor-col-100 elementor-top-column elementor-element elementor-element-3abde234\" data-id=\"3abde234\" data-element_type=\"column\" data-e-type=\"column\">\n\t\t\t<div class=\"elementor-widget-wrap elementor-element-populated\">\n\t\t\t\t\t\t<div class=\"elementor-element elementor-element-7dca2e04 elementor-widget elementor-widget-text-editor\" data-id=\"7dca2e04\" data-element_type=\"widget\" data-e-type=\"widget\" data-widget_type=\"text-editor.default\">\n\t\t\t\t\t\t\t\t\t\n<h3><span style=\"color: #2b80be;\">VOIR<\/span><\/h3>\n<ul class=\"wp-block-list\">\n<li>Obtenez une vue d&#8217;ensemble de tous les param\u00e8tres importants de vos propres r\u00e9servoirs stock\u00e9s dans l&#8217;aCloud.<\/li>\n<\/ul>\n\n<ul class=\"wp-block-list\">\n<li>Voir les photos d&#8217;autres superbes aquariums r\u00e9cifaux<\/li>\n<\/ul>\n\n<h3 class=\"wp-block-heading\"><span style=\"color: #2b80be;\">ACTION<\/span><\/h3>\n\n<ul class=\"wp-block-list\">\n<li>Elle n\u00e9cessite votre autorisation, pour permettre \u00e0 d&#8217;autres personnes de jeter un coup d&#8217;\u0153il \u00e0 vos photos d&#8217;aquarium, \u00e0 votre documentation sur les aquariums et \u00e0 d&#8217;autres choses encore.<\/li>\n<\/ul>\n\n<ul class=\"wp-block-list\">\n<li>Vous pr\u00e9f\u00e9rez plus de confidentialit\u00e9 ? Ne partagez pas vos donn\u00e9es et ne permettez aux autres qu&#8217;un acc\u00e8s limit\u00e9 \u00e0 vos exp\u00e9riences.<\/li>\n<\/ul>\n\n<h3 class=\"wp-block-heading\"><span style=\"color: #2b80be;\">APPRENDRE<\/span><\/h3>\n\n<ul class=\"wp-block-list\">\n<li>Apprenez des exp\u00e9riences que d&#8217;autres ont d\u00e9j\u00e0 v\u00e9cues<\/li>\n<\/ul>\n\n<ul class=\"wp-block-list\">\n<li>Obtenez des informations pr\u00e9cieuses, des conseils et des astuces de la part d&#8217;autres utilisateurs.<\/li>\n<\/ul>\n\n<h3 class=\"wp-block-heading\"><span style=\"color: #2b80be;\">\u00c9CHANGE<\/span><\/h3>\n\n<ul class=\"wp-block-list\">\n<li>\u00c9changer avec d&#8217;autres utilisateurs d&#8217;AquaCalculator<\/li>\n<\/ul>\n\t\t\t\t\t\t\t\t<\/div>\n\t\t\t\t\t<\/div>\n\t\t<\/div>\n\t\t\t\t\t<\/div>\n\t\t<\/section>\n\t\t\t\t<\/div>\n\t\t","protected":false},"excerpt":{"rendered":"<p>Visitez notre portail de l&#8217;eau de mer Cliquez ici En savoir plus sur les fonctionnalit\u00e9s des diff\u00e9rentes versions des applications AquaCalculatorainsi que les donn\u00e9es des produits\/recettes d\u00e9j\u00e0 int\u00e9gr\u00e9s, &#8230;.ou utilisez la plateforme de m\u00e9dias sociaux connect\u00e9s aCloud d&#8217;AquaCalculator VOIR Obtenez une vue d&#8217;ensemble de tous les param\u00e8tres importants de vos propres r\u00e9servoirs stock\u00e9s dans l&#8217;aCloud. &hellip;<\/p>\n<p class=\"read-more\"> <a class=\"\" href=\"https:\/\/www.aquacalculator.com\/wordpress\/por_fr\/\"> <span class=\"screen-reader-text\">Portal (FR)<\/span> Weiterlesen &raquo;<\/a><\/p>\n","protected":false},"author":2,"featured_media":1470,"parent":0,"menu_order":0,"comment_status":"closed","ping_status":"open","template":"elementor_canvas","meta":{"_monsterinsights_skip_tracking":false,"_monsterinsights_sitenote_active":false,"_monsterinsights_sitenote_note":"","_monsterinsights_sitenote_category":0,"site-sidebar-layout":"default","site-content-layout":"default","ast-global-header-display":"","ast-banner-title-visibility":"","ast-main-header-display":"","ast-hfb-above-header-display":"","ast-hfb-below-header-display":"","ast-hfb-mobile-header-display":"","site-post-title":"","ast-breadcrumbs-content":"","ast-featured-img":"","footer-sml-layout":"","theme-transparent-header-meta":"","adv-header-id-meta":"","stick-header-meta":"","header-above-stick-meta":"","header-main-stick-meta":"","header-below-stick-meta":"","footnotes":""},"class_list":["post-1468","page","type-page","status-publish","has-post-thumbnail","hentry"],"_links":{"self":[{"href":"https:\/\/www.aquacalculator.com\/wordpress\/wp-json\/wp\/v2\/pages\/1468","targetHints":{"allow":["GET"]}}],"collection":[{"href":"https:\/\/www.aquacalculator.com\/wordpress\/wp-json\/wp\/v2\/pages"}],"about":[{"href":"https:\/\/www.aquacalculator.com\/wordpress\/wp-json\/wp\/v2\/types\/page"}],"author":[{"embeddable":true,"href":"https:\/\/www.aquacalculator.com\/wordpress\/wp-json\/wp\/v2\/users\/2"}],"replies":[{"embeddable":true,"href":"https:\/\/www.aquacalculator.com\/wordpress\/wp-json\/wp\/v2\/comments?post=1468"}],"version-history":[{"count":3,"href":"https:\/\/www.aquacalculator.com\/wordpress\/wp-json\/wp\/v2\/pages\/1468\/revisions"}],"predecessor-version":[{"id":2950,"href":"https:\/\/www.aquacalculator.com\/wordpress\/wp-json\/wp\/v2\/pages\/1468\/revisions\/2950"}],"wp:featuredmedia":[{"embeddable":true,"href":"https:\/\/www.aquacalculator.com\/wordpress\/wp-json\/wp\/v2\/media\/1470"}],"wp:attachment":[{"href":"https:\/\/www.aquacalculator.com\/wordpress\/wp-json\/wp\/v2\/media?parent=1468"}],"curies":[{"name":"wp","href":"https:\/\/api.w.org\/{rel}","templated":true}]}}